t p be -2 + 4 + -2 + 3. Suppose -p*o + 10 = -5. Suppose 0 = -o*a + 192 - 7. Is a a composite number?
False
Suppose -3*j - 61 = -4*p, 3*p = -5*j + p - 67. Let i be (4/(-3))/(2/j). Is i/(-4)*-32 - -2 prime?
False
Let i be -3 + 1 + 3 - -38. Suppose 2*h - 81 + 3 = 3*t, 4*t = -h + i. Is h prime?
False
Suppose -28 = -2*o + 10. Let r = 31 - o. Is 1888/r - 1/3 composite?
False
Let k = -1043 + 1904. Suppose 0 = 8*g - 5*g - k. Is g composite?
True
Let a be (-1 + -1 - 0)/1. Is (212/6)/(a/(-3)) composite?
False
Let g(w) = w**2 - 13*w + 15. Is g(12) composite?
False
Let g(w) be the second derivative of w**5/20 - w**4/3 - 5*w**3/6 + 3*w**2 - w. Let s be g(4). Is (s/4)/((-4)/40) prime?
False
Suppose 12 = 4*n, -a + 727 = -0*a - 4*n. Is a a prime number?
True
Let d = 81 + -12. Suppose 5*a - d = 26. Is a prime?
True
Suppose 0 = 8*c - 2943 + 295. Is c a prime number?
True
Let l = -426 - -689. Is l prime?
True
Let t be -103 - (0/3 - -3). Let n = -4 - t. Is (-42)/(-4)*n/9 composite?
True
Suppose -4*w + 14 = 3*c, -5*c + 11 = 2*w - 17. Suppose 5*v - c = 4. Is (v*37)/(3 + -1) prime?
True
Let m(y) = y**2 - 4. Let j be m(3). Suppose 0 = j*n + 94 - 419. Is n a composite number?
True
Is 524/6*(-63)/(-14) a prime number?
False
Let v be 1688/(-3)*(-9)/6. Suppose -4*w + v = -0*w. Is w a composite number?
False
Suppose -6 = -5*w + 3*x - 0, 0 = w + 3*x + 6. Suppose w*a + 5*a - 455 = 0. Is a a composite number?
True
Suppose -r + 5 - 1 = 0. Suppose -s + r - 7 = 0. Let z = 7 - s. Is z composite?
True
Let b(h) = h**2 - 5*h - 6. Let r be b(6). Suppose 3*a - 177 = -r*a. Is a a composite number?
False
Let c be (-8)/12 - (-41)/3. Suppose -c + 378 = 5*j. Let n = j + -18. Is n a composite number?
True
Let h(v) = v**2 - 4*v - 2. Let z be h(4). Is (1 + z)*-1 - -210 a prime number?
True
Suppose -4*s + 445 = 4*z + z, 0 = -3*z - s + 267. Is z composite?
False
Let y(q) = 9*q**2 + 2*q - 1. Let l be y(-2). Suppose -2*p = -l + 5. Is p a prime number?
True
Suppose 4*m - 30 = 2*g, -3*m + g = -7 - 13. Suppose m*t - 16 = t, 5*t - 51 = -o. Is o a composite number?
False
Suppose -v + 5 = -2*f, 5*f + 2 + 14 = -v. Let l = -1 + 0. Is 7 - (2 - (l - f)) composite?
False
Let h = -51 + 106. Is h a composite number?
True
Suppose -4*m + 813 = 5*f, f - 4*m = -3*m + 159. Is f composite?
True
Suppose -4*k + u + 645 = -66, -2*k + 368 = 2*u. Is k prime?
True
Let f(b) = 2*b**2 - 21*b + 30. Is f(29) a composite number?
False
Suppose -3*q + 401 + 22 = 0. Is q composite?
True
Suppose 0 = k + 140 - 880. Suppose 8*n - 3*n - 2*a = k, 2*n - 3*a = 307. Is n a prime number?
False
Suppose -13*k + 77187 = -7586. Is k composite?
False
Suppose 0 = -2*m - 0*m + 4*k - 20, -3*m + k = 15. Let w = 17 + m. Is w a prime number?
True
Is (-2 + -12)*(-5389)/34 prime?
False
Let o(a) be the third derivative of -a**4/24 + a**3/3 + a**2. Let u be o(6). Is 194*(0 + (-2)/u) a prime number?
True
Let g(i) = 9 - i - i + 3. Let n(x) = -3*x + 23. Let b(f) = -5*g(f) + 3*n(f). Is b(-6) a composite number?
False
Suppose 3371 = 5*p - 3*l, 10*l = 4*p + 5*l - 2702. Is p prime?
True
Let s be ((-6)/(-3))/(6/69). Let g = s + 34. Is g a composite number?
True
Let z = -217 + 367. Suppose -2*v + 3*o + z = 0, -2*v + o + 280 = 2*v. Is v composite?
True
Suppose -46 = m + 27. Let b = 607 + -403. Let a = b + m. Is a a composite number?
False
Let a be 2 + (-3 - -2) + -58. Let m = -2 - a. Is m a composite number?
True
Suppose -4*k + 47 = -5*l, 5*l = -4*k - 0*k + 97. Is 4630/k - 2/9 prime?
True
Let v = -5 - 10. Let c be 2 + (-5)/(v/(-6)). Let q(r) = -r**3 + r**2 + 35. Is q(c) a prime number?
False
Let q(j) be the third derivative of -j**5/60 - j**4/24 + 133*j**3/6 + j**2. Is q(0) composite?
True
Is (623/(-14))/((-1)/34) prime?
False
Suppose h = 1119 + 67. Is h a composite number?
True
Is -2*(5060/(-8) - -3) a prime number?
True
Suppose 0 = -2*a - 2*g + 416, 4*g + 330 + 74 = 2*a. Let f = 165 + a. Is f composite?
True
Suppose 2*o + 4*o - 4746 = 0. Is o composite?
True
Suppose 5*m + 4 = -2*r + m, 3*r + 2 = -4*m. Suppose 12 = 2*y + 4*z, -5*y - r = -10*y + 4*z. Is 11 - (-1)/(y/4) composite?
False
Let j(w) = -w + 67. Suppose -4*v - 3*a + 9 = -0*a, 4*v - 3*a = -9. Is j(v) a composite number?
False
Is (885/(-6))/(2/(-4)) a composite number?
True
Let y be 0 + (0 - 8)*-1. Suppose -2*d + y = -0. Is (5/d)/(1/116) prime?
False
Let k = 165 + -70. Suppose -2*z + k = -83. Is z a prime number?
True
Suppose -6 = -3*y, y - 30 = -4*c - 0*c. Let u = -5 + c. Suppose u*t - 3*j - 181 = -2*t, -3*t = j - 152. Is t prime?
False
Suppose 0 = -2*q - 5*r + 2, -4 = -3*q - 3*r - 1. Let v = q + -3. Let h = v + 4. Is h a composite number?
False
Suppose 5*q = -5*o - 0*o + 590, 0 = -o - 3*q + 116. Is o a prime number?
False
Suppose 3*t = 4*h + 101 + 114, -233 = 4*h + 3*t. Let p = 111 + h. Is p prime?
False
Suppose 2*g - 36 = 5*g. Let x(h) = 2*h - 5. Let s be x(7). Is (-4)/(g/s) - -248 a prime number?
True
Let d = -93 - -540. Suppose k - d = -2*k. Is k prime?
True
Let i be (-10350)/(-40) + (-2)/(-8). Suppose 5*j - i = 76. Is j a composite number?
False
Let v = 1735 - 1106. Is v prime?
False
Let d = -67 + 100. Let a = d - 23. Is a composite?
True
Suppose 4*q + 4*n - 24 = 504, 5*q + 3*n - 662 = 0. Is q prime?
False
Is 1/(4/(-14) - 3861/(-13293)) composite?
False
Suppose 63 = 4*f - h, 0 = 2*f + f - h - 46. Is (f/4)/((-1)/(-20)) a prime number?
False
Suppose 0*r + 391 = r. Is r a prime number?
False
Let b(m) = 5*m**2 + m - 5. Suppose -2*a - 3 + 11 = 0. Is b(a) a composite number?
False
Suppose -3*a + 18 - 6 = 0. Suppose -l - 190 = -6*l + 5*d, a*l - 2*d - 146 = 0. Is l a composite number?
True
Suppose -2*g + 6*g - 376 = 0. Is g a prime number?
False
Is 10850/34 + (-6)/51 composite?
True
Suppose 0 = 2*g + 3 - 15. Let c = 25 - g. Is c composite?
False
Let o be (0 - 1)*(-2)/2. Let r(l) = -l**3 - 2*l**2 + 70. Let a be r(0). Is (a - 1) + (o - -1) composite?
False
Let b(a) = -3*a**2 - a - 9. Let m be b(-4). Let f be (1 + -3)/(-1) - -144. Let u = f + m. Is u prime?
False
Let m = 6 - -11. Let h = 38 + m. Is h prime?
False
Suppose 0 = r - 105 - 317. Is r a composite number?
True
Suppose 6*z - 265 = z. Is z composite?
False
Suppose 254 + 713 = x - 3*a, 0 = -4*x + 4*a + 3868. Is x a prime number?
True
Let f be (6 - 6)/((-1)/(-1)). Let w = -38 - f. Is (-1)/(40/w + 1) a prime number?
True
Suppose 76 = -5*c - g, 0 = -2*c + 4*c + g + 28. Let l be ((-464)/(-6))/(c/(-72)). Let t = l - 55. Is t a prime number?
True
Suppose -2*p + 205 = 3*p. Suppose 5*w + 9 + p = 0. Let x(j) = -44*j + 9. Is x(w) a composite number?
False
Let n = 1986 + -943. Is n a prime number?
False
Suppose 5*t - 6601 = -3*c, -t + 644 = -c - 673. Is t composite?
False
Is (-2)/((24/(-1324))/3) composite?
False
Suppose 9*s = 11*s - 30. Is 543/5 + 6/s prime?
True
Suppose -5*k + 3*w + 114 = -17, -9 = -3*w. Suppose -18 - 3 = -3*g. Let y = k - g. Is y composite?
True
Suppose -3*s - 2*s + 25 = 0. Suppose 2*k - 78 = -0*z + 2*z, -s*z = 20. Is k composite?
True
Let j = 48 - 27. Let t be (-4)/6 + 245/j. Suppose t = 3*m - 19. Is m a prime number?
False
Let s be -1 + 4 + 1 + -1. Let z be ((-10)/6)/((-3)/45). Suppose s*l - 20 - z = 0. Is l a prime number?
False
Is 3 + 3 + 197 + -1 a composite number?
True
Let o(y) = 2*y - 4*y - 2 - 6*y**2 + y**3 - 2 + 16*y**2. Is o(-7) composite?
False
Let k(j) = 2*j**3 - j - 1. Let x be k(-1). Let o be -1 - (181 + (x - -4)). Let h = 347 + o. Is h a composite number?
False
Let v(z) = 7*z**2 + 7*z - 11. Is v(-8) prime?
False
Suppose o - 4*o = 213. Let d = 190 + o. Is d a composite number?
True
Is (6/(-9))/(2/(-969)) a prime number?
False
Let q = 13 + -43. Let i be 5*(-3)/(q/16). Suppose -i*t = -3*t - 335. Is t a composite number?
False
Let r(m) = 2*m + 1. Suppose -f = -t + 5*t - 6, -f = -3*t + 8. Let k be r(f). Let w(i) = -5*i - 2. Is w(k) prime?
True
Let n(r) be the first derivative of 2/3*r**3 - 2 - 4*r**2 - 2*r. Is n(8) a prime number?
False
Let v = 46 + -31. Is v composite?
True
Suppose 23 = 5*y - 22. Is (-6)/y*(-393)/2 a prime number?
True
Suppose 3*w = 5*f + 6*w - 5215, -3*f + 3129 = -4*w. Is f prime?
False
Let b(k) = -2 + 21*k - 3 + 7 - 3. Is b(4) composite?
False
Suppose -5*n + 25 = 0, -2*n = -c + 15 + 8. Is c a composite number?
True
Suppose 1 + 3 = q. Suppose -q*k + 5*k = 142. Is k a composite number?
True
Let f(u) = 2 - 3*u +